 of 2533 and 68?
17
Calculate the greatest common divisor of 60 and 108.
12
Calculate the greatest common factor of 169 and 247.
13
What is the highest common factor of 111 and 185?
37
Calculate the highest common divisor of 32 and 472.
8
What is the highest common factor of 240 and 96?
48
Calculate the highest common factor of 42 and 448.
14
Calculate the greatest common divisor of 95 and 76.
19
Calculate the highest common divisor of 945 and 441.
63
Calculate the highest common factor of 48 and 176.
16
Calculate the greatest common divisor of 5 and 235.
5
Calculate the greatest common factor of 18611 and 74.
37
Calculate the highest common factor of 2720 and 100.
20
Calculate the greatest common divisor of 171 and 114.
57
Calculate the greatest common factor of 468 and 585.
117
Calculate the greatest common divisor of 275 and 4510.
55
Calculate the greatest common divisor of 2409 and 11.
11
Calculate the greatest common divisor of 1 and 59.
1
Calculate the highest common factor of 7958 and 23.
23
What is the highest common factor of 315 and 357?
21
Calculate the highest common divisor of 43 and 688.
43
Calculate the highest common divisor of 15 and 3645.
15
What is the greatest common factor of 861 and 42?
21
Calculate the highest common factor of 17856 and 2480.
496
Calculate the highest common factor of 60 and 1815.
15
Calculate the highest common divisor of 49 and 35.
7
What is the highest common divisor of 18977 and 7?
7
What is the greatest common divisor of 682 and 2914?
62
Calculate the highest common divisor of 47 and 11985.
47
What is the greatest common factor of 6 and 4098?
6
What is the highest common factor of 5940 and 420?
60
Calculate the greatest common factor of 54 and 3132.
54
What is the greatest common factor of 32 and 272?
16
Calculate the greatest common divisor of 65 and 1040.
65
What is the highest common factor of 3 and 375?
3
Calculate the highest common factor of 240 and 18.
6
What is the greatest common factor of 19274 and 138?
46
What is the highest common factor of 400 and 16?
16
Calculate the highest common divisor of 273 and 26.
13
What is the greatest common divisor of 372 and 240?
12
Calculate the greatest common divisor of 5461 and 381.
127
Calculate the greatest common divisor of 28 and 1316.
28
Calculate the greatest common factor of 128 and 24640.
64
Calculate the greatest common factor of 418 and 462.
22
Calculate the highest common factor of 20 and 14020.
20
Calculate the greatest common divisor of 212 and 18179.
53
Calculate the greatest common divisor of 486 and 90.
18
Calculate the highest common factor of 96 and 18.
6
What is the greatest common factor of 370 and 730?
10
What is the greatest common factor of 392 and 3080?
56
Calculate the highest common factor of 3689 and 465.
31
Calculate the highest common divisor of 10920 and 30.
30
What is the highest common factor of 1057 and 302?
151
Calculate the greatest common factor of 59 and 6431.
59
Calculate the greatest common divisor of 240 and 24.
24
What is the greatest common divisor of 896 and 161?
7
What is the greatest common factor of 1870 and 330?
110
What is the highest common divisor of 513 and 19?
19
What is the highest common factor of 418 and 2850?
38
What is the highest common factor of 279 and 124?
31
Calculate the highest common factor of 2313 and 1799.
257
What is the greatest common divisor of 10 and 6?
2
Calculate the highest common factor of 18931 and 77.
11
What is the highest common divisor of 867 and 68?
17
Calculate the greatest common factor of 14 and 105.
7
Calculate the highest common factor of 144 and 846.
18
Calculate the greatest common divisor of 4 and 134.
2
What is the greatest common factor of 2816 and 66?
22
What is the highest common divisor of 7714 and 58?
58
Calculate the highest common divisor of 192 and 128.
64
Calculate the greatest common factor of 13 and 4563.
13
What is the greatest common divisor of 145 and 12905?
145
Calculate the greatest common factor of 288 and 45.
9
Calculate the highest common divisor of 1 and 71.
1
Calculate the highest common factor of 145 and 35.
5
What is the greatest common factor of 5610 and 165?
165
Calculate the greatest common factor of 305 and 61.
61
What is the greatest common divisor of 2812 and 19?
19
What is the highest common factor of 860 and 20?
20
Calculate the highest common factor of 420 and 5320.
140
What is the greatest common factor of 160 and 288?
32
Calculate the highest common divisor of 136 and 1190.
34
What is the highest common divisor of 6 and 23118?
6
What is the highest common divisor of 14 and 238?
14
What is the greatest common divisor of 40 and 32?
8
Calculate the highest common factor of 9621 and 36.
9
What is the greatest common factor of 1170 and 315?
45
What is the greatest common factor of 1200 and 160?
80
Calculate the greatest common divisor of 78 and 132.
6
What is the greatest common divisor of 20066 and 316?
158
What is the greatest common factor of 26 and 18954?
26
What is the greatest common factor of 140 and 112?
28
Calculate the greatest common factor of 442 and 26.
26
What is the highest common divisor of 73 and 20075?
73
What is the highest common factor of 8 and 700?
4
What is the greatest common divisor of 92 and 84?
4
Calculate the greatest common factor of 169 and 13.
13
What is the highest common factor of 180 and 50?
10
Calculate the highest common divisor of 245 and 2744.
49
What is the highest common divisor of 28 and 476?
28
Calculate the highest common divisor of 50 and 480.
10
What is the highest common factor of 318 and 12?
6
Calculate the greatest common divisor of 180 and 40.
20
Calculate the highest common divisor of 5045 and 25.
5
Calculate the greatest common factor of 3698 and 430.
86
What is the greatest common divisor of 2 and 19354?
2
What is the highest common divisor of 75 and 425?
25
What is the highest common factor of 2400 and 1536?
96
Calculate the greatest common factor of 16 and 20.
4
What is the greatest common divisor of 440 and 136?
8
Calculate the greatest common factor of 272 and 187.
17
What is the greatest common factor of 280 and 1568?
56
What is the highest common factor of 649 and 59?
59
What is the highest common divisor of 243 and 1791?
9
Calculate the greatest common divisor of 11 and 132.
11
Calculate the greatest common divisor of 2 and 46.
2
What is the highest common factor of 663 and 78?
39
Calculate the greatest common divisor of 1147 and 31.
31
What is the highest common divisor of 1536 and 156?
12
What is the highest common factor of 132 and 16566?
66
What is the greatest common factor of 36 and 2916?
36
What is the greatest common divisor of 66 and 891?
33
Calculate the highest common divisor of 9457 and 193.
193
What is the highest common divisor of 245 and 392?
49
What is the greatest common divisor of 4 and 52?
4
Calculate the highest common divisor of 122 and 48.
2
What is the greatest common divisor of 21 and 273?
21
What is the greatest common factor of 3480 and 609?
87
What is the highest common factor of 92 and 598?
46
Calculate the highest common divisor of 1635 and 15.
15
Calculate the highest common divisor of 9 and 5283.
9
What is the greatest common divisor of 305 and 13?
1
What is the highest common factor of 532 and 1246?
14
Calculate the highest common factor of 88 and 80.
8
Calculate the highest common divisor of 486 and 18.
18
What is the highest common divisor of 44631 and 81?
81
What is the highest common divisor of 254 and 13843?
127
What is the greatest common divisor of 14668 and 228?
76
What is the highest common divisor of 465 and 651?
93
What is the greatest common factor of 24 and 27?
3
Calculate the highest common divisor of 30 and 8130.
30
What is the highest common factor of 138 and 4324?
46
Calculate the highest common factor of 1682 and 145.
29
What is the highest common divisor of 1474 and 11?
11
What is the highest common factor of 15 and 780?
15
What is the greatest common divisor of 13 and 8307?
13
Calculate the greatest common factor of 150 and 1900.
50
Calculate the greatest common divisor of 1855 and 315.
35
Calculate the greatest common factor of 2792 and 56.
8
What is the highest common divisor of 246 and 18?
6
Calculate the highest commo